4
What is the units digit of 159069?
9
What is the millions digit of 21748429?
1
What is the units digit of 20620825?
5
What is the thousands digit of 2147237?
7
What is the hundred thousands digit of 28950161?
9
What is the thousands digit of 136651?
6
What is the tens digit of 379199?
9
What is the units digit of 9404933?
3
What is the ten thousands digit of 591554?
9
What is the thousands digit of 1459904?
9
What is the hundred thousands digit of 214682?
2
What is the units digit of 1509435?
5
What is the ten thousands digit of 1756370?
5
What is the tens digit of 327678?
7
What is the tens digit of 365227?
2
What is the ten thousands digit of 1965638?
6
What is the hundreds digit of 571417?
4
What is the ten thousands digit of 19685811?
8
What is the hundred thousands digit of 189132?
1
What is the units digit of 148925?
5
What is the units digit of 17778822?
2
What is the tens digit of 2582966?
6
What is the hundreds digit of 2392463?
4
What is the hundred thousands digit of 3957228?
9
What is the hundreds digit of 987421?
4
What is the hundreds digit of 14441380?
3
What is the ten thousands digit of 361559?
6
What is the thousands digit of 277987?
7
What is the tens digit of 782282?
8
What is the millions digit of 2306081?
2
What is the tens digit of 1250297?
9
What is the units digit of 5433618?
8
What is the millions digit of 3566713?
3
What is the tens digit of 232672?
7
What is the units digit of 1142919?
9
What is the ten thousands digit of 47225?
4
What is the ten thousands digit of 2890621?
9
What is the units digit of 19533636?
6
What is the ten thousands digit of 1526311?
2
What is the units digit of 526779?
9
What is the units digit of 146706?
6
What is the thousands digit of 6554090?
4
What is the tens digit of 7533065?
6
What is the ten millions digit of 12189185?
1
What is the thousands digit of 270954?
0
What is the ten millions digit of 17994723?
1
What is the tens digit of 9124208?
0
What is the ten thousands digit of 375880?
7
What is the thousands digit of 223683?
3
What is the tens digit of 14043?
4
What is the thousands digit of 39123585?
3
What is the ten millions digit of 19921483?
1
What is the tens digit of 4393190?
9
What is the hundred thousands digit of 1793708?
7
What is the hundreds digit of 707270?
2
What is the hundreds digit of 183267?
2
What is the tens digit of 5684647?
4
What is the ten thousands digit of 38988243?
8
What is the ten thousands digit of 1062249?
6
What is the ten thousands digit of 6827581?
2
What is the tens digit of 345327?
2
What is the hundred thousands digit of 9099470?
0
What is the tens digit of 217747?
4
What is the hundred thousands digit of 37459246?
4
What is the hundred thousands digit of 4908464?
9
What is the hundred thousands digit of 4311475?
3
What is the millions digit of 7670513?
7
What is the hundreds digit of 75250?
2
What is the hundred thousands digit of 1118350?
1
What is the thousands digit of 1083245?
3
What is the hundreds digit of 150203?
2
What is the thousands digit of 506479?
6
What is the thousands digit of 1060722?
0
What is the hundreds digit of 6476996?
9
What is the ten thousands digit of 378205?
7
What is the millions digit of 1078769?
1
What is the ten thousands digit of 532676?
3
What is the hundred thousands digit of 10591067?
5
What is the units digit of 6887753?
3
What is the thousands digit of 2213838?
3
What is the ten thousands digit of 253664?
5
What is the units digit of 190909?
9
What is the hundred thousands digit of 1502032?
5
What is the ten thousands digit of 399832?
9
What is the units digit of 7544611?
1
What is the units digit of 27323?
3
What is the ten thousands digit of 4796732?
9
What is the thousands digit of 203767?
3
What is the thousands digit of 737629?
7
What is the hundreds digit of 56854?
8
What is the thousands digit of 3555179?
5
What is the hundred thousands digit of 105785?
1
What is the hundred thousands digit of 305379?
3
What is the hundreds digit of 1465251?
2
What is the hundreds digit of 183574?
5
What is the thousands digit of 7917921?
7
What is the tens digit of 10876340?
4
What is the units digit of 636578?
8
What is the tens digit of 2838813?
1
What is the thousands digit of 1480320?
0
What is the ten thousands digit of 1486572?
8
What is the hundred thousands digit of 5490822?
4
What is the hundred thousands digit of 21092890?
0
What is the ten millions digit of 34506974?
3
What is the tens digit of 713026?
2
What is the thousands digit of 933397?
3
What is the units digit of 2397136?
6
What is the thousands digit of 7098586?
8
What is the ten thousands digit of 198645?
9
What is the thousands digit of 615533?
5
What is the millions digit of 1882701?
1
What is the tens digit of 2171421?
2
What is the hundred thousands digit of 1241026?
2
What is the hundreds digit of 305118?
1
What is the thousands digit of 502304?
2
What is the hundreds digit of 1721443?
4
What is the thousands digit of 624337?
4
What is the ten millions digit of 16849621?
1
What is the millions digit of 2180914?
2
What is the ten thousands digit of 279826?
7
What is the thousands digit of 1819029?
9
What is the hundred thousands digit of 724879?
7
What is the units digit of 1288328?
8
What is the millions digit of 3510371?
3
What is the units digit of 1911499?
9
What is the units digit of 13201392?
2
What is the hundred thousands digit of 1856335?
8
What is the ten thousands digit of 2644759?
4
What is the units digit of 3632260?
0
What is the tens digit of 3224535?
3
What is the units digit of 338686?
6
What is the thousands digit of 6032345?
2
What is the thousands digit of 73601?
3
What is the hundreds digit of 14845083?
0
What is the ten thousands digit of 306751?
0
What is the tens digit of 9939678?
7
What is the thousands digit of 295509?
5
What is the units digit of 140688?
8
What is the units digit of 1630776?
6
What is the thousands digit of 212581?
2
What is the millions digit of 16665343?
6
What is the millions digit of 13463181?
3
What is the thousands digit of 130619?
0
What is the thousands digit of 10673651?
3
What is the thousands digit of 426597?
6
What is the ten thousands digit of 19764?
1
What is the ten thousands digit of 265438?
6
What is the tens digit of 3654921?
2
What is the units digit of 568042?
2
What is the thousands digit of 3013521?
3
What is the hundreds digit of 9507768?
7
What is the thousands digit of 417297?
7
What is the tens digit of 1226133?
3
What is the hundred thousands digit of 229933?
2
What is the hundreds digit of 454009?
0
What is the tens digit of 502075?
7
What is the hundreds digit of 58114?
1
What is the millions digit of 39356891?
9
What is the thousands digit of 8364475?
4
What is the tens digit of 2533?
3
What is the hundreds digit of 454572?
5
What is the ten thousands digit of 650394?
5
What is the ten thousands digit of 11174079?
7
What is the millions digit of 7192682?
7
What is the tens digit of 9335310?
1
What is the units digit of 22765002?
2
What is the hundreds digit of 645035?
0
What is the units digit of 3209887?
7
What is the tens digit of 233010?
1
What is the hundred thousands digit of 273992?
2
What is the units digit of 162250?
0
What is the hundreds digit of 3832562?
5
What is the thousands digit of 9870313?
0
What is the ten thousands digit of 416384?
1
What is the tens digit of 5921583?
8
What is the tens digit of 1101829?
2
What is the thousands digit of 711404?
1
What is the thousands digit of 229217?
9
What is the units digit of 191237?
7
What is the hundred thousands digit of 2642167?
6
What is the ten thousands digit of 251395?
5
What is the thousands digit of 13375681?
5
What is the ten millions digit of 16851729?
1
What is the hundreds digit of 15532811?
8
What is the ten thousands digit of 8390816?
9
What is the tens digit of 338877?
7
What is the hundreds digit of 1965787?
7
What is the thousands digit of 58308?
8
What is the millions digit of 8166424?
8
What is the thousands digit of 75356?
5
What is the hundreds digit of 53156?
1
What is the hundreds digit of 2681973?
9
What is the hundreds digit of 255716?
7
What is the tens digit of 6238746?
4
What is the tens digit of 1156634?
3
What is the thousands digit of 470298?
0
What is the thousands digit o